{"id":15082,"date":"2014-07-30T17:06:07","date_gmt":"2014-07-30T16:06:07","guid":{"rendered":"http:\/\/www.dtarchitecture.ch\/wordpress\/?post_type=portfolio_page&#038;p=15082"},"modified":"2019-12-09T17:21:46","modified_gmt":"2019-12-09T16:21:46","slug":"immeubles-chene-parc-2","status":"publish","type":"portfolio_page","link":"https:\/\/www.dtarchitecture.ch\/?portfolio_page=immeubles-chene-parc-2","title":{"rendered":"Immeubles Ch\u00eane Parc"},"content":{"rendered":"<p>Immeubles Ch\u00eane Parc | immeubles | Vionnaz<\/p>\n<p>&nbsp;<\/p>\n<p><strong>Description :<\/strong> Construction de 3 immeubles de 48 logements et parking souterrain en PPE. Labelis\u00e9 Minergie.<\/p>\n<p>&nbsp;<\/p>\n<p><strong>Prestations :<\/strong> Dossier d&#8217;ex\u00e9cution, appels d&#8217;offres, direction de travaux<\/p>\n<p>&nbsp;<\/p>\n<p><strong>R\u00e9alisation<\/strong> : 2013 &#8211; 2015<\/p>\n<p>&nbsp;<\/p>\n","protected":false},"excerpt":{"rendered":"<p>Immeubles Ch\u00eane Parc | immeubles | Vionnaz &nbsp; Description : Construction de 3 immeubles de 48 logements et parking souterrain en PPE. Labelis\u00e9 Minergie. &nbsp; Prestations : Dossier d&#8217;ex\u00e9cution, appels d&#8217;offres, direction de travaux &nbsp; R\u00e9alisation : 2013 &#8211; 2015 &nbsp;<\/p>\n","protected":false},"author":1,"featured_media":15400,"menu_order":20,"comment_status":"closed","ping_status":"closed","template":"","portfolio_category":[102],"portfolio_tag":[],"_links":{"self":[{"href":"https:\/\/www.dtarchitecture.ch\/index.php?rest_route=\/wp\/v2\/portfolio_page\/15082"}],"collection":[{"href":"https:\/\/www.dtarchitecture.ch\/index.php?rest_route=\/wp\/v2\/portfolio_page"}],"about":[{"href":"https:\/\/www.dtarchitecture.ch\/index.php?rest_route=\/wp\/v2\/types\/portfolio_page"}],"author":[{"embeddable":true,"href":"https:\/\/www.dtarchitecture.ch\/index.php?rest_route=\/wp\/v2\/users\/1"}],"replies":[{"embeddable":true,"href":"https:\/\/www.dtarchitecture.ch\/index.php?rest_route=%2Fwp%2Fv2%2Fcomments&post=15082"}],"wp:featuredmedia":[{"embeddable":true,"href":"https:\/\/www.dtarchitecture.ch\/index.php?rest_route=\/wp\/v2\/media\/15400"}],"wp:attachment":[{"href":"https:\/\/www.dtarchitecture.ch\/index.php?rest_route=%2Fwp%2Fv2%2Fmedia&parent=15082"}],"wp:term":[{"taxonomy":"portfolio_category","embeddable":true,"href":"https:\/\/www.dtarchitecture.ch\/index.php?rest_route=%2Fwp%2Fv2%2Fportfolio_category&post=15082"},{"taxonomy":"portfolio_tag","embeddable":true,"href":"https:\/\/www.dtarchitecture.ch\/index.php?rest_route=%2Fwp%2Fv2%2Fportfolio_tag&post=15082"}],"curies":[{"name":"wp","href":"https:\/\/api.w.org\/{rel}","templated":true}]}}

Immeubles Chêne Parc

<p>Immeubles Chêne Parc | immeubles | Vionnaz</p>
<p>&nbsp;</p>
<p><strong>Description :</strong> Construction de 3 immeubles de 48 logements et parking souterrain en PPE. Labelisé Minergie.</p>
<p>&nbsp;</p>
<p><strong>Prestations :</strong> Dossier d&#8217;exécution, appels d&#8217;offres, direction de travaux</p>
<p>&nbsp;</p>
<p><strong>Réalisation</strong> : 2013 &#8211; 2015</p>
<p>&nbsp;</p>

<p>Immeubles Chêne Parc | immeubles | Vionnaz &nbsp; Description : Construction de 3 immeubles de 48 logements et parking souterrain en PPE. Labelisé Minergie. &nbsp; Prestations : Dossier d&#8217;exécution, appels d&#8217;offres, direction de travaux &nbsp; Réalisation : 2013 &#8211; 2015 &nbsp;</p>
