{"id":15319,"date":"2014-11-25T10:52:37","date_gmt":"2014-11-25T09:52:37","guid":{"rendered":"http:\/\/www.dtarchitecture.ch\/?post_type=portfolio_page&#038;p=15319"},"modified":"2022-05-04T07:06:01","modified_gmt":"2022-05-04T06:06:01","slug":"mazots-du-clos","status":"publish","type":"portfolio_page","link":"https:\/\/www.dtarchitecture.ch\/?portfolio_page=mazots-du-clos","title":{"rendered":"Mazots du clos"},"content":{"rendered":"<p>Mazots du clos | H\u00f4tellerie | Villars sur Ollon<br \/>\n<strong>Ma\u00eetre d\u2019ouvrage :<\/strong> Priv\u00e9<\/p>\n<p>&nbsp;<\/p>\n<p><strong>Description :<\/strong> Construction d&#8217;un petit complexe h\u00f4telier avec \u00e9quipement piscine, Spa, Hammam, salle de massage. Chalet individuel en madriers.<\/p>\n<p>&nbsp;<\/p>\n<p><strong>Prestations :<\/strong> Projet, mise \u00e0 l\u2019enqu\u00eate, dossier d\u2019ex\u00e9cution, appels d\u2019offres, direction des travaux<br \/>\n<strong>R\u00e9alisation<\/strong> : 2006-2007<\/p>\n<p>&nbsp;<\/p>\n<p><strong>Co\u00fbts<\/strong> : &#8211; mio<\/p>\n","protected":false},"excerpt":{"rendered":"<p>Mazots du clos | H\u00f4tellerie | Villars sur Ollon Ma\u00eetre d\u2019ouvrage : Priv\u00e9 &nbsp; Description : Construction d&#8217;un petit complexe h\u00f4telier avec \u00e9quipement piscine, Spa, Hammam, salle de massage. Chalet individuel en madriers. &nbsp; Prestations : Projet, mise \u00e0 l\u2019enqu\u00eate, dossier d\u2019ex\u00e9cution, appels d\u2019offres, direction&#8230;<\/p>\n","protected":false},"author":1,"featured_media":15323,"menu_order":2,"comment_status":"closed","ping_status":"closed","template":"","portfolio_category":[115],"portfolio_tag":[],"_links":{"self":[{"href":"https:\/\/www.dtarchitecture.ch\/index.php?rest_route=\/wp\/v2\/portfolio_page\/15319"}],"collection":[{"href":"https:\/\/www.dtarchitecture.ch\/index.php?rest_route=\/wp\/v2\/portfolio_page"}],"about":[{"href":"https:\/\/www.dtarchitecture.ch\/index.php?rest_route=\/wp\/v2\/types\/portfolio_page"}],"author":[{"embeddable":true,"href":"https:\/\/www.dtarchitecture.ch\/index.php?rest_route=\/wp\/v2\/users\/1"}],"replies":[{"embeddable":true,"href":"https:\/\/www.dtarchitecture.ch\/index.php?rest_route=%2Fwp%2Fv2%2Fcomments&post=15319"}],"wp:featuredmedia":[{"embeddable":true,"href":"https:\/\/www.dtarchitecture.ch\/index.php?rest_route=\/wp\/v2\/media\/15323"}],"wp:attachment":[{"href":"https:\/\/www.dtarchitecture.ch\/index.php?rest_route=%2Fwp%2Fv2%2Fmedia&parent=15319"}],"wp:term":[{"taxonomy":"portfolio_category","embeddable":true,"href":"https:\/\/www.dtarchitecture.ch\/index.php?rest_route=%2Fwp%2Fv2%2Fportfolio_category&post=15319"},{"taxonomy":"portfolio_tag","embeddable":true,"href":"https:\/\/www.dtarchitecture.ch\/index.php?rest_route=%2Fwp%2Fv2%2Fportfolio_tag&post=15319"}],"curies":[{"name":"wp","href":"https:\/\/api.w.org\/{rel}","templated":true}]}}

<p>Mazots du clos | Hôtellerie | Villars sur Ollon<br />
<strong>Maître d’ouvrage :</strong> Privé</p>
<p>&nbsp;</p>
<p><strong>Description :</strong> Construction d&#8217;un petit complexe hôtelier avec équipement piscine, Spa, Hammam, salle de massage. Chalet individuel en madriers.</p>
<p>&nbsp;</p>
<p><strong>Prestations :</strong> Projet, mise à l’enquête, dossier d’exécution, appels d’offres, direction des travaux<br />
<strong>Réalisation</strong> : 2006-2007</p>
<p>&nbsp;</p>
<p><strong>Coûts</strong> : &#8211; mio</p>

<p>Mazots du clos | Hôtellerie | Villars sur Ollon Maître d’ouvrage : Privé &nbsp; Description : Construction d&#8217;un petit complexe hôtelier avec équipement piscine, Spa, Hammam, salle de massage. Chalet individuel en madriers. &nbsp; Prestations : Projet, mise à l’enquête, dossier d’exécution, appels d’offres, direction&#8230;</p>
