{"id":15331,"date":"2014-11-25T10:58:57","date_gmt":"2014-11-25T09:58:57","guid":{"rendered":"http:\/\/www.dtarchitecture.ch\/?post_type=portfolio_page&#038;p=15331"},"modified":"2022-05-04T07:00:44","modified_gmt":"2022-05-04T06:00:44","slug":"chateau-feuillet-bex","status":"publish","type":"portfolio_page","link":"https:\/\/www.dtarchitecture.ch\/?portfolio_page=chateau-feuillet-bex","title":{"rendered":"Chateau Feuillet &#8211; Bex"},"content":{"rendered":"<p>Ch\u00e2teau Feuillet | Habitation locatif en PPE | Bex<br \/>\n<strong>Ma\u00eetre d\u2019ouvrage :<\/strong> Priv\u00e9<\/p>\n<p>&nbsp;<\/p>\n<p><strong>Description :<\/strong> R\u00e9novation lourde d&#8217;un ancien ch\u00e2teau en logements en PPE<\/p>\n<p>&nbsp;<\/p>\n<p><strong>Prestations :<\/strong> Projet, mise \u00e0 l\u2019enqu\u00eate, dossier d\u2019ex\u00e9cution, appels d\u2019offres, direction des travaux<br \/>\n<strong>R\u00e9alisation<\/strong> : 2007<\/p>\n<p>&nbsp;<\/p>\n<p><strong>Co\u00fbts<\/strong> : &#8211; mio<\/p>\n","protected":false},"excerpt":{"rendered":"<p>Ch\u00e2teau Feuillet | Habitation locatif en PPE | Bex Ma\u00eetre d\u2019ouvrage : Priv\u00e9 &nbsp; Description : R\u00e9novation lourde d&#8217;un ancien ch\u00e2teau en logements en PPE &nbsp; Prestations : Projet, mise \u00e0 l\u2019enqu\u00eate, dossier d\u2019ex\u00e9cution, appels d\u2019offres, direction des travaux R\u00e9alisation : 2007 &nbsp; Co\u00fbts :&#8230;<\/p>\n","protected":false},"author":1,"featured_media":15332,"menu_order":1,"comment_status":"closed","ping_status":"closed","template":"","portfolio_category":[102],"portfolio_tag":[],"_links":{"self":[{"href":"https:\/\/www.dtarchitecture.ch\/index.php?rest_route=\/wp\/v2\/portfolio_page\/15331"}],"collection":[{"href":"https:\/\/www.dtarchitecture.ch\/index.php?rest_route=\/wp\/v2\/portfolio_page"}],"about":[{"href":"https:\/\/www.dtarchitecture.ch\/index.php?rest_route=\/wp\/v2\/types\/portfolio_page"}],"author":[{"embeddable":true,"href":"https:\/\/www.dtarchitecture.ch\/index.php?rest_route=\/wp\/v2\/users\/1"}],"replies":[{"embeddable":true,"href":"https:\/\/www.dtarchitecture.ch\/index.php?rest_route=%2Fwp%2Fv2%2Fcomments&post=15331"}],"wp:featuredmedia":[{"embeddable":true,"href":"https:\/\/www.dtarchitecture.ch\/index.php?rest_route=\/wp\/v2\/media\/15332"}],"wp:attachment":[{"href":"https:\/\/www.dtarchitecture.ch\/index.php?rest_route=%2Fwp%2Fv2%2Fmedia&parent=15331"}],"wp:term":[{"taxonomy":"portfolio_category","embeddable":true,"href":"https:\/\/www.dtarchitecture.ch\/index.php?rest_route=%2Fwp%2Fv2%2Fportfolio_category&post=15331"},{"taxonomy":"portfolio_tag","embeddable":true,"href":"https:\/\/www.dtarchitecture.ch\/index.php?rest_route=%2Fwp%2Fv2%2Fportfolio_tag&post=15331"}],"curies":[{"name":"wp","href":"https:\/\/api.w.org\/{rel}","templated":true}]}}

<p>Château Feuillet | Habitation locatif en PPE | Bex<br />
<strong>Maître d’ouvrage :</strong> Privé</p>
<p>&nbsp;</p>
<p><strong>Description :</strong> Rénovation lourde d&#8217;un ancien château en logements en PPE</p>
<p>&nbsp;</p>
<p><strong>Prestations :</strong> Projet, mise à l’enquête, dossier d’exécution, appels d’offres, direction des travaux<br />
<strong>Réalisation</strong> : 2007</p>
<p>&nbsp;</p>
<p><strong>Coûts</strong> : &#8211; mio</p>

<p>Château Feuillet | Habitation locatif en PPE | Bex Maître d’ouvrage : Privé &nbsp; Description : Rénovation lourde d&#8217;un ancien château en logements en PPE &nbsp; Prestations : Projet, mise à l’enquête, dossier d’exécution, appels d’offres, direction des travaux Réalisation : 2007 &nbsp; Coûts :&#8230;</p>
