{"id":16209,"date":"2022-05-04T08:01:40","date_gmt":"2022-05-04T07:01:40","guid":{"rendered":"https:\/\/www.dtarchitecture.ch\/?post_type=portfolio_page&#038;p=16209"},"modified":"2022-05-04T08:02:58","modified_gmt":"2022-05-04T07:02:58","slug":"maison-dhabitation-praz-de-fort","status":"publish","type":"portfolio_page","link":"https:\/\/www.dtarchitecture.ch\/?portfolio_page=maison-dhabitation-praz-de-fort","title":{"rendered":"Maison d&#8217;habitation &#8211; Praz-de-Fort"},"content":{"rendered":"<p>Chalet d&#8217;habitation | Praz-de-Fort<\/p>\n<p><strong>Ma\u00eetre d\u2019ouvrage :<\/strong> Priv\u00e9<\/p>\n<p><strong>Description :<\/strong>\u00a0Construction d&#8217;un chalet avec fa\u00e7ades en bois br\u00fbl\u00e9.<\/p>\n<p><strong>Prestations :<\/strong>\u00a0Etude, projet, direction des travaux<\/p>\n<p><strong>R\u00e9alisation<\/strong>\u00a0: 2018-2020<\/p>\n<p><strong>Co\u00fbts<\/strong>\u00a0: &#8211;<\/p>\n","protected":false},"excerpt":{"rendered":"<p>Chalet d&#8217;habitation | Praz-de-Fort Ma\u00eetre d\u2019ouvrage : Priv\u00e9 Description :\u00a0Construction d&#8217;un chalet avec fa\u00e7ades en bois br\u00fbl\u00e9. Prestations :\u00a0Etude, projet, direction des travaux R\u00e9alisation\u00a0: 2018-2020 Co\u00fbts\u00a0: &#8211;<\/p>\n","protected":false},"author":1,"featured_media":16211,"menu_order":30,"comment_status":"closed","ping_status":"closed","template":"","portfolio_category":[101],"portfolio_tag":[],"_links":{"self":[{"href":"https:\/\/www.dtarchitecture.ch\/index.php?rest_route=\/wp\/v2\/portfolio_page\/16209"}],"collection":[{"href":"https:\/\/www.dtarchitecture.ch\/index.php?rest_route=\/wp\/v2\/portfolio_page"}],"about":[{"href":"https:\/\/www.dtarchitecture.ch\/index.php?rest_route=\/wp\/v2\/types\/portfolio_page"}],"author":[{"embeddable":true,"href":"https:\/\/www.dtarchitecture.ch\/index.php?rest_route=\/wp\/v2\/users\/1"}],"replies":[{"embeddable":true,"href":"https:\/\/www.dtarchitecture.ch\/index.php?rest_route=%2Fwp%2Fv2%2Fcomments&post=16209"}],"wp:featuredmedia":[{"embeddable":true,"href":"https:\/\/www.dtarchitecture.ch\/index.php?rest_route=\/wp\/v2\/media\/16211"}],"wp:attachment":[{"href":"https:\/\/www.dtarchitecture.ch\/index.php?rest_route=%2Fwp%2Fv2%2Fmedia&parent=16209"}],"wp:term":[{"taxonomy":"portfolio_category","embeddable":true,"href":"https:\/\/www.dtarchitecture.ch\/index.php?rest_route=%2Fwp%2Fv2%2Fportfolio_category&post=16209"},{"taxonomy":"portfolio_tag","embeddable":true,"href":"https:\/\/www.dtarchitecture.ch\/index.php?rest_route=%2Fwp%2Fv2%2Fportfolio_tag&post=16209"}],"curies":[{"name":"wp","href":"https:\/\/api.w.org\/{rel}","templated":true}]}}

<p>Chalet d&#8217;habitation | Praz-de-Fort</p>
<p><strong>Maître d’ouvrage :</strong> Privé</p>
<p><strong>Description :</strong> Construction d&#8217;un chalet avec façades en bois brûlé.</p>
<p><strong>Prestations :</strong> Etude, projet, direction des travaux</p>
<p><strong>Réalisation</strong> : 2018-2020</p>
<p><strong>Coûts</strong> : &#8211;</p>

<p>Chalet d&#8217;habitation | Praz-de-Fort Maître d’ouvrage : Privé Description : Construction d&#8217;un chalet avec façades en bois brûlé. Prestations : Etude, projet, direction des travaux Réalisation : 2018-2020 Coûts : &#8211;</p>
